 w(c) = c**2 - 7*c + 10. Suppose 5*i - 14 = 11. Give w(i).
0
Let g = -78 + 88. Let x(s) = g*s - 8*s + 0*s. Suppose -u = -0*u - 3. Give x(u).
6
Suppose -6*r - l + 99 = -r, -21 = -r + l. Let j be (r/16)/1*4. Suppose -4*m = 2*a + 10, -2*a = -m - 0*a + j. Let g(d) = -13*d - 1. Calculate g(m).
12
Let s(b) = -3*b + 2*b + 5 + 4 - 13 - 10. Determine s(-7).
-7
Let r(l) = -l + 1. Suppose 1 = 2*s - 5. Let u(h) = -1 + s*h - 2 + 0. Let q(n) = -2*r(n) - u(n). Give q(-2).
3
Let s(u) = 157*u - 155. Let o be s(1). Let a(t) = t**3 + 2*t**2 - 6*t + 5. Give a(o).
9
Let q(m) = 3*m + 9. Let a(l) = -l**3 - 5*l**2 - 4*l - 4. Let i be a(-4). Calculate q(i).
-3
Let y(m) be the third derivative of -m**6/120 - m**5/12 + m**4/24 + 2*m**3/3 + m**2. Let g(o) = 3*o**2 - 9*o - 16. Let z be g(4). Give y(z).
-16
Let f(g) = g**2 + 138*g + 138. Let r be f(-1). Let o(c) = -11*c**3 + 4*c**2 + 2. Let a(l) = 10*l**3 - 3*l**2 - 1. Let q(d) = 3*a(d) + 2*o(d). What is q(r)?
8
Let r(s) = s**3 + 5*s**2 - 6*s - 8. Let l(p) = -p - 4. Let f be l(-8). Suppose 5*x + 0*i + 21 = -3*i, x - f*i + 18 = 0. Determine r(x).
-8
Suppose -24 = -2*q + 2. Suppose 5*t - q = 12. Let u(s) = s - 5 + s - 1. Give u(t).
4
Let f(i) = -15*i + 8 - 3 - 7. Let h(p) = -7*p - 1. Let w(k) = 6*f(k) - 13*h(k). Determine w(6).
7
Let d(s) = -s**3 + 2*s**3 - 107 - 5*s + 96 - 5*s**2. Give d(6).
-5
Suppose -5*x + 10 = -3*l - 2*l, 2*x - 4 = 0. Let z(m) = m - 2 - 2 + l. Calculate z(5).
1
Let h be (1 - -3)*-1*98/(-196). Let u(w) = 9*w**2 + 7*w - 11. Let t(c) = 5*c**2 + 4*c - 6. Let x(v) = 7*t(v) - 4*u(v). Calculate x(h).
-2
Let g(u) be the third derivative of u**4/12 + u**3/2 - 14*u**2 - 1. Calculate g(2).
7
Let a(l) = 3 + 1 - 1 + 6779*l + l**3 - 6*l**2 - 6780*l. Determine a(5).
-27
Let k(n) = -n + 1. Let z(h) = h - 1. Let l(u) = 6*k(u) + 5*z(u). Calculate l(6).
-5
Let k(z) = -z**2 + 2*z. Let h(y) = -y**2 + 6*y - 3. Let f(v) = h(v) - 2*k(v). Give f(0).
-3
Let o(j) = -j**3 + 2*j**3 - 29298*j - 7 + 29307*j - 10*j**2. Determine o(9).
-7
Suppose t + 4 = 2*t + 2*p, 5*p - 5 = 0. Let a(m) = 3*m**t - 5 + 18*m - 25*m - 3*m**2 - m**2. Calculate a(-5).
5
Suppose -5*c = -4 - 26. Suppose 4*y = 2*v - c, 0*v = y - v - 1. Let n(w) = -w**3 - 3*w**2 + 3*w + 4. Calculate n(y).
8
Let y(z) = z**3 - 5*z**2 + 6*z - 6. Let r be y(4). Let b be ((r + -1)*0)/2. Let n(i) be the second derivative of -i**3/6 + 5*i**2/2 - 202*i. Give n(b).
5
Suppose 5*r + 3540 - 3550 = 0. Let q(w) = 3*w**2 - 5*w + 1. Calculate q(r).
3
Let i = -1 - 0. Let a = 0 + i. Let k(s) be the second derivative of s**5/10 + s**4/12 + s**3/3 + s**2/2 + 41*s + 1. Calculate k(a).
-2
Let w be (-4)/2 + 13/1. Let m = w + -16. Let j(a) = -3*a**2 - 15*a + 38. Let k(d) = d**2 + 5*d - 13. Let n(q) = 6*j(q) + 17*k(q). Give n(m).
7
Let b(n) = -3*n - 9. Let v(c) = 7*c + 21. Let t(f) = 9*b(f) + 4*v(f). Give t(-9).
-6
Let v(g) = -3 - 4*g + 2*g + 3*g + 2. Let y be 21/9 + (-1)/3. Suppose 4*z - 42 = -y*z. Calculate v(z).
6
Let b(t) = t + 10. Let w be 2*(25/(-10) + 5). Suppose -25 = 4*n + m, -11*n + 10*n - 22 = -w*m. Calculate b(n).
3
Suppose t = -5*a + 6, 0 = 3*t + 5*a - 6 - 2. Let y(q) = -3*q - 1. Determine y(t).
-4
Let z(w) = w - 10. Let k(d) = d - 11. Let h(u) = 2*k(u) - 3*z(u). Suppose 0 = -3*m - 183 - 84. Let x = -82 - m. Give h(x).
1
Let l(d) = -d + 6. Suppose 3 = -y + 7. Suppose 0 = 3*v + 4*m - 0*m - 16, 4*v - y*m = -16. Give l(v).
6
Let v(w) = 6*w - 10. Let c be v(3). Let n(j) = 7 + 5*j - 4*j - c. Determine n(-4).
-5
Suppose n + 1 + 5 = 0. Let s(w) = w**3 - 25*w**2 - 24*w - 49. Let r be s(26). Let f(g) = -1 + 3*g + 0 - 25*g**3 + 7*g**2 - 1 + 26*g**r. Calculate f(n).
16
Suppose -2*u - 30 = 4*g, 35 = -2*g - 3*u - 2*u. Let f(l) = -7*l + 3. Determine f(g).
38
Let r(j) be the third derivative of -j**5/60 - j**4/3 - 2*j**3 - j**2 - 54*j. Calculate r(-6).
0
Let l(b) = 2 + 4*b**3 - b - 97821*b**2 - 3*b + 97825*b**2. Give l(2).
42
Let a = 2421 - 2417. Let n(x) be the third derivative of -1/24*x**a + 0 + 5/6*x**3 + 10*x**2 + 0*x. Calculate n(5).
0
Let w(j) be the first derivative of -j**4/4 - 2*j**3/3 + 3*j**2/2 + 3*j + 15. Calculate w(-2).
-3
Let p(t) = -t - 16 + 9 - t + t**2. Suppose 2*m + 5*w = 35, 0*w - 5 = -w. Suppose 10 = -3*q + m*q. Determine p(q).
8
Let q(w) = 152*w + 1 + 156*w + 155*w - 437*w. Calculate q(-1).
-25
Let h(c) be the third derivative of c**7/840 + c**6/180 + c**5/60 + c**4/12 - c**3/3 + 23*c**2. Let q(d) be the first derivative of h(d). Determine q(-2).
-2
Let g = -1248 - -1257. Let z(x) = 2*x**2 - 19*x - 11. What is z(g)?
-20
Let r(h) = 13*h**3 + 9*h**2 - 11*h - 3. Let s(g) = 32*g**3 + 19*g**2 - 23*g - 7. Let z(n) = 5*r(n) - 2*s(n). Determine z(-8).
7
Let a(t) = -t**3 - 2*t**2 + 5*t + 10. Let j(h) = h**3 + 2*h**2 - 5*h - 9. Let q(f) = 4*a(f) + 5*j(f). Calculate q(-3).
1
Suppose -4*l = -20*l + 32. Let a(v) = v**2 + 58*v**3 - 57*v**3 - 6*v + 6 - 6*v**l. What is a(6)?
6
Let f(q) = -2*q**3 - 8*q**2 + q - 3. Let k = 552 + -556. What is f(k)?
-7
Let t(d) = -d**3 - 2*d**2 - d - 1. Let q(u) = -7*u**3 - 23*u**2 - 15*u - 4. Let b(p) = -q(p) + 6*t(p). Determine b(-10).
8
Let m(a) = -a**3 - 3*a**2 + 2*a + 4. Let d = 15 - -3. Suppose -3*w + 3*p + 18 = 0, -p = -w + 6*w - d. Let b = w - 7. What is m(b)?
-2
Let r(o) be the first derivative of -o**2/2 - 4*o - 152. Determine r(3).
-7
Suppose 2*a = 5*n + 337, 0 = -5*n + a - 0*a - 341. Let w = 77 + n. Let s(k) = k**2 - 10*k + 7. Give s(w).
-9
Let a be (28 - 26)*((-324)/8)/(-9). Let z(y) = y. Let c(i) = -2*i - 3. Let g(q) = -c(q) - 3*z(q). Determine g(a).
-6
Let x(b) = 7*b + 31. Let q be x(-4). Let m(j) = 2*j**2 - 3*j. Calculate m(q).
9
Let l(g) = g**2 + g + 1. Let b(c) = -c**2 - 3*c - 3. Let w(z) = -b(z) - 2*l(z). Let q = 9 - -18. Let m = -27 + q. Determine w(m).
1
Suppose -56 = -4*z + 48. Suppose 2*m + 4*f = -12, 5*m - z = f + 3*f. Let v(g) = 3 + 55*g - 55*g - 2 - 2*g**m. What is v(1)?
-1
Let l = -7340 - -7338. Let s(g) = -3*g**3 + g**2 - 6*g - 3. Let v(q) = 5*q**3 - 2*q**2 + 11*q + 6. Let k(o) = -7*s(o) - 4*v(o). Calculate k(l).
-3
Let v(k) = 2*k - 8. Let r be v(5). Suppose -2*s + 1 + 7 = -m, r*m = -2*s - 10. Let t(a) = -a**2 - 4*a + 7. Calculate t(m).
-5
Let j = -5986 - -5979. Let q(c) = -c - 9. Let a(g) = 2*g + 17. Let i(m) = -2*a(m) - 5*q(m). Give i(j).
4
Let y(h) = -h**2 + 2*h + 1. Suppose -15*l = -19*l + 36. Let g(n) = -5*n**2 - 1 + 4 + 0*n + 8*n. Let i(w) = l*y(w) - 2*g(w). Determine i(-3).
6
Let b(d) = -1 - 3 + d + 8 + 2. Determine b(-5).
1
Let u = 87 - 80. Let k(d) = -2*d**2 + 9*d - 4. Determine k(u).
-39
Let b(k) = k**3 + 9*k**2 - 10*k. Let w be (-2 + (-12)/(-5))/(67/(-1675)). Determine b(w).
0
Let m(g) be the first derivative of 2*g**3/3 - g**2 - 5*g + 205. Give m(-3).
19
Let n(c) = -c**2 - 6*c - 4. Let t = -13 + 7. Let k(z) = z + 11. Let w be k(t). Suppose 0 = 3*d + w + 4. What is n(d)?
5
Let b(m) = -4*m**2 - 10*m + 28. Let q(u) = u**2 + 3*u - 9. Let o(d) = -2*b(d) - 7*q(d). Let n be (18 + -11)/(0 + 1). Let r be 0/(n/(7/2)). What is o(r)?
7
Let g(d) = d**3 + 13*d**2 - d + 4. Let i be (-3)/(-5) - (-1088)/(-80). Calculate g(i).
17
Let a = -1431 - -8587/6. Let s(f) be the third derivative of -1/60*f**5 + a*f**4 - 5/6*f**3 + 0 + 0*f + 11*f**2. Calculate s(4).
-5
Let x(j) = -j - 25. Let v(i) = -i**3 + 10*i**2 - 2*i + 20. Let a be v(10). What is x(a)?
-25
Let x be 7*20/770 + (-40)/(-22). Let r(m) be the third derivative of 0*m + 1/3*m**3 + 1/24*m**4 + 0 - 2*m**x. Give r(-2).
0
Let u(f) = -9*f + 5. Let r(g) = 5*g - 2. Let h(v) = -7*r(v) - 4*u(v). Let l be h(6). Let y(m) = -5*m + l*m**2 - 5 - m**2 - 2*m**2 + 2*m**2. Determine y(-4).
-1
Let z(l) = -9*l - 265. Let a be z(-29). Let j(n) = -n**2 - n + 1. Determine j(a).
-11
Let z(m) = m**3 - 10*m**2 + 9*m - 2. Suppose j + g = 6, 4*j + 3*g = 5*g + 42. Determine z(j).
-2
Let x(i) = i**3 + 2*i**2 - 5*i - 8. Let u be x(-3). Let f(n) = -5*n - 5. Determine f(u).
5
Suppose i + 3*i = 5*c - 62, -5*c + 10 = 0. Let z(f) = -f**2 - 12*f + 11. Determine z(i).
-2
Let p(f) = 2*f**2 + 6*f - 6. Let j be 1/(-2) - 15/10. Let l be j/6*(-78)/(-2). Let v = l + 8. Calculate p(v).
14
Let i = 112 + -76. Let a = 38 - i. Let p(s) = -3*s**2 + 2*s + 2. What is p(a)?
-6
Let v(z) = 3*z**2 + z - 5. Let j(q) = -q**2 - q - 1. Let r(i) = -2*j(i) + v(i). Let u = 11 - 9. Determine r(u).
23
Let q(p) = p**3 + 6*p**2 - 5*p - 5. Let g(c) = -c